 base 10, what is -75701 + -4?
-75705
In base 10, what is 15 - 7171?
-7156
In base 11, what is 65791 - -4?
65795
In base 14, what is b00 + 328?
1028
In base 5, what is -124 + 413132?
413003
In base 10, what is 92 + 2102?
2194
In base 10, what is -92026 + 4?
-92022
In base 5, what is 14 - -14040014?
14040033
In base 11, what is 425a + 1?
4260
In base 15, what is d7 - -11dc?
12c4
In base 10, what is -3 - -973?
970
In base 9, what is -12811 + -15?
-12826
In base 2, what is -1001 - 11001111100010?
-11001111101011
In base 11, what is -8 + 156a0?
15693
In base 11, what is 117783 - 5?
117779
In base 10, what is -2 - 44783?
-44785
In base 5, what is 22 - -104?
131
In base 5, what is 330113 + -3003?
322110
In base 6, what is -531122 + -4?
-531130
In base 14, what is 57784 - -3?
57787
In base 9, what is 4 - 72657?
-72653
In base 9, what is -4058 - -77?
-3871
In base 2, what is -1111000010100 - 0?
-1111000010100
In base 2, what is -10010100000 + -1100010?
-10100000010
In base 13, what is -8160 + 2?
-815b
In base 16, what is 5 + 321e?
3223
In base 4, what is -102003211023 - 10?
-102003211033
In base 3, what is 210221022 - 12201?
210201121
In base 5, what is 2410 + -4140?
-1230
In base 12, what is 202 - 576?
-374
In base 9, what is -121780 + -22?
-121812
In base 8, what is 10070 + 6?
10076
In base 11, what is 0 - 433a?
-433a
In base 6, what is 2155 - 102?
2053
In base 4, what is -120131212 - 12?
-120131230
In base 12, what is 1809 - 195?
1634
In base 10, what is 4 - 17918?
-17914
In base 15, what is 52 + 49c?
4ee
In base 10, what is 10894 - -4?
10898
In base 2, what is 101 - 111111000?
-111110011
In base 11, what is 21834a + 4?
218353
In base 6, what is -14132 + -45?
-14221
In base 7, what is 166 - -1504?
2003
In base 11, what is 928a - 54?
9236
In base 14, what is 609 - -25?
630
In base 15, what is -20c4 - -18?
-20ab
In base 10, what is 41630 + -4?
41626
In base 15, what is 54 + 5da?
63e
In base 11, what is 13 + -113a56?
-113a43
In base 11, what is 974 - 1027?
-163
In base 13, what is 2779a - 4?
27796
In base 9, what is -347 - 401?
-748
In base 5, what is -41434231 - 3?
-41434234
In base 8, what is -34 - 61007?
-61043
In base 6, what is 5 - -4444533?
4444542
In base 10, what is 3 - -102602?
102605
In base 6, what is 0 - -434012?
434012
In base 11, what is 4 + -10519?
-10515
In base 3, what is 100122120112 - 12?
100122120100
In base 13, what is -1a + -103a?
-1057
In base 9, what is 175 + -3014?
-2728
In base 9, what is 3 + 5837?
5841
In base 11, what is 9a28a2 + -3?
9a289a
In base 5, what is 3 + 3421011?
3421014
In base 16, what is -a9 - -9e8f?
9de6
In base 2, what is 1111110 + -100101010001?
-100011010011
In base 8, what is -6 - 226405?
-226413
In base 4, what is 1112232 + -22?
1112210
In base 11, what is 16867 + 9?
16875
In base 2, what is 10110001110 - 101000101?
10001001001
In base 5, what is -2301 + -13114?
-20420
In base 16, what is -75 + -1?
-76
In base 8, what is -3 + -2254337?
-2254342
In base 14, what is -2d6 + -c06?
-10dc
In base 8, what is -6 + -337353?
-337361
In base 13, what is -19960 - -4?
-19959
In base 6, what is 105 + -1340233?
-1340124
In base 10, what is -7493 - 124?
-7617
In base 12, what is -172581 + -6?
-172587
In base 14, what is -3 - 150121?
-150124
In base 9, what is -5080 - -12?
-5067
In base 9, what is -28563 + 5?
-28557
In base 5, what is -322042 - -104?
-321433
In base 14, what is -19 - 688?
-6a3
In base 8, what is 5656632 + 0?
5656632
In base 12, what is 5 - 2643?
-263a
In base 5, what is -2124332 - -3?
-2124324
In base 3, what is -2001210211 + 20?
-2001210121
In base 6, what is -1002 + -255?
-1301
In base 13, what is -184379 + 0?
-184379
In base 7, what is 115362 + 2?
115364
In base 9, what is -7 - -286606?
286588
In base 7, what is -3306240 + 2?
-3306235
In base 14, what is -9 + -63d8?
-6403
In base 8, what is 714 - 24?
670
In base 16, what is 3 + 2efa?
2efd
In base 15, what is -ba + 74?
-46
In base 7, what is -66 + -1156?
-1255
In base 13, what is 2 + 3886?
3888
In base 4, what is 10 - 32323000?
-32322330
In base 8, what is -12372240 - -3?
-12372235
In base 4, what is 10 - 3012122?
-3012112
In base 3, what is -2000010000 - -10210?
-1222222020
In base 6, what is -4 - -2205051?
2205043
In base 14, what is -7 + -47b?
-484
In base 7, what is 1431 + 63?
1524
In base 16, what is -1c98e + 1?
-1c98d
In base 15, what is -2c + -19ae?
-19db
In base 12, what is -34 - 396?
-40a
In base 2, what is 1 + 11100101101101?
11100101101110
In base 8, what is -16 - 5356?
-5374
In base 14, what is -97 - 17?
-b0
In base 10, what is -328142 + 1?
-328141
In base 13, what is -8 - -532cc?
532c4
In base 16, what is -12c - 59a?
-6c6
In base 15, what is a2 - -220?
2c2
In base 4, what is -3 + -20103232?
-20103301
In base 3, what is 1 - -10012212?
10012220
In base 14, what is -7910 + 44?
-78aa
In base 8, what is -3046031 + -1?
-3046032
In base 14, what is -17bca - 1?
-17bcb
In base 13, what is 3a - 4044?
-4007
In base 2, what is -10000110101001101101 + 0?
-10000110101001101101
In base 10, what is 1 - 202000?
-201999
In base 7, what is -4 - 630264?
-630301
In base 6, what is -132 + -5120?
-5252
In base 2, what is -1101001 - 11011000010?
-11100101011
In base 2, what is 1100110010010111 + -11010?
1100110001111101
In base 5, what is 2 - 121400?
-121343
In base 11, what is -1276 - 363?
-1629
In base 12, what is 354170 - 3?
354169
In base 2, what is 11001010 + -10101101000?
-10010011110
In base 16, what is -f6 + 25d?
167
In base 8, what is -1332235 - 0?
-1332235
In base 6, what is -4 + -20522410?
-20522414
In base 7, what is -45 + -255?
-333
In base 7, what is 236604 + -5?
236566
In base 10, what is 14479 + -10?
14469
In base 10, what is 2145 - -113?
2258
In base 8, what is -467 + -36?
-525
In base 2, what is -11101010000111001 - -1?
-11101010000111000
In base 15, what is 40d4b - -6?
40d52
In base 6, what is 50 - 1353?
-1303
In base 8, what is 4 + 3240702?
3240706
In base 16, what is -4 + -afbc0?
-afbc4
In base 7, what is 23364 - 53?
23311
In base 10, what is 2 - 7203?
-7201
In base 8, what is -734041 + 10?
-734031
In base 15, what is -bc4c + 27?
-bc25
In base 6, what is 12 - -4154?
4210
In base 13, what is -17 + -472?
-489
In base 9, what is 34 + -200782?
-200747
In base 12, what is -a - 297?
-2a5
In base 7, what is -110 + -1014?
-1124
In base 3, what is 22012022 - -102?
22012201
In base 11, what is -13a217 + 19?
-13a1a9
In base 2, what is 1001 - 100100101111001?
-100100101110000
In base 10, what is -2485 + -315?
-2800
In base 15, what is 1cd8 + 1?
1cd9
In base 7, what is -3614 - -454?
-3130
In base 12, what is 11 + 304?
315
In base 4, what is -11 + 30130202?
30130131
In base 5, what is 4224100 + -10?
4224040
In base 12, what is -125b - 81?
-1320
In base 9, what is 355 + -174?
171
In base 9, what is -662 - 11?
-673
In base 7, what is -3250106 + 0?
-3250106
In base 7, what is -45 - 11100?
-11145
In base 16, what is 15 - -9eb2?
9ec7
In base 7, what is 4545 + 10441?
15316
In base 16, what is -14 - 34b?
-35f
In base 14, what is 3 - -6ac2?
6ac5
In base 8, what is 3 - -3522?
3525
In base 12, what is -2aa - 140?
-42a
In base 16, what is 84ea - -58?
8542
In base 5, what is 132 + 114040?
114222
In base 13, what is -388 + 46b?
b3
In base 13, what is -2c2414 - 3?
-2c2417
In base 5, what is 3010321 + -20?
3010301
In base 7, what is -313 - -3564?
3251
In base 12, what is 4b + -2709?
-267a
In base 10, what is 105340 - -8?
105348
In base 13, what is 1 + 63b?
63c
In base 3, what is -122 - 1022211220?
-1022212112
In base 14, what is 0 + -1c493?
-1c493
In base 11, what is -864219 + 5?
-864214
In base 13, what is 10 + -13191?
-13181
In base 13, what is 624b + 11?
625c
In base 7, what is -1164 + -142?
-1336
In base 8, what is 666 + 1141?
2027
In base 4, what is 2311 - -102212?
111123
In base 13, what is 1 - 242?
-241
In base 3, what is 2 + 200102200020?
200102200022
In base 14, what is -4 + 1140b?
11407
In base 2, what is -10011000 + -1000100?
-11011100
In base 3, what is -12 + 2002100110?
2002100021
In base 12, what is 3552 - 3?
354b
In base 5, what is -1432023 - -2?
-1432021
In base 14, what is -25 + -712?
-737
In base 5, what is -14324 + -4?
-14333
In base 8, what is -74012 - -17?
-73773
In base 14, what is -2bc + -9?
-2c7
In base 5, what is 0 - 31033221?
-31033221
In bas